{"id":7163,"date":"2016-05-13T11:56:13","date_gmt":"2016-05-13T09:56:13","guid":{"rendered":"https:\/\/www.convittocampanella.edu.it\/wbs\/?page_id=7163"},"modified":"2025-01-30T11:56:55","modified_gmt":"2025-01-30T10:56:55","slug":"convitto-2","status":"publish","type":"page","link":"https:\/\/www.convittocampanella.edu.it\/wbs\/convitto-2\/","title":{"rendered":"Il Convitto"},"content":{"rendered":"<p style=\"text-align: justify;\"><strong>Il Convitto di Reggio Calabria<\/strong>, struttura pubblica diretta dalla dr.ssa Francesca Arena, ospita in un unico edificio, di rilevante pregio architettonico, la Scuola Primaria, la Scuola Secondaria di I grado, il Liceo Classico d\u2019ordinamento e il Liceo Classico Europeo.<\/p>\n<p style=\"text-align: justify;\"><strong><em>La Scuola Primaria<\/em><\/strong> prevede una ricca offerta formativa con il potenziamento della lingua italiana, della matematica e delle scienze e guarda al futuro con l\u2019approfondimento delle lingue straniere e delle competenze digitali. Lo studio della musica, dell\u2019educazione artistica e motoria concorrono allo sviluppo della sensibilit\u00e0, dello spirito critico e di una sana crescita degli alunni.<\/p>\n<p style=\"text-align: justify;\"><strong><em>La Scuola Secondaria di I grado<\/em><\/strong>, in continuit\u00e0 con la Primaria, accompagna gli alunni nel loro percorso di crescita formativa, attraverso un curriculo verticale e una didattica orientativa per un apprendimento permanente. Il PTOF \u00e8 ampliato dal potenziamento della lingua inglese \u2013 CLIL e certificazione Ket. Viene anche avviato un progetto extracurriculare di lingua spagnola, con relativa certificazione.<\/p>\n<p style=\"text-align: justify;\"><strong><em>Il Liceo Classico d\u2019ordinamento <\/em><\/strong>storicamente si presenta tra i licei pi\u00f9 qualificati del territorio e sigla un percorso di studio superiore, che coniuga l\u2019approfondimento della cultura classico-umanistica con quella scientifica e linguistica. Consente agli studenti di cogliere nessi e collegamenti tra i saperi e sviluppa il senso critico ed estetico. Lo studio della lingua inglese curriculare \u00e8 potenziato con quello della lingua spagnola e tedesca. Il conseguimento del diploma di liceo classico, consente l\u2019accesso a tutte le facolt\u00e0 universitarie, data la formazione ampia e completa dei suoi orizzonti culturali.<\/p>\n<p style=\"text-align: justify;\"><strong><em>Il Liceo Classico Europeo<\/em><\/strong> \u00e8 un progetto maxisperimentale, introdotto presso i Licei Classici annessi alle istituzioni educative nel 1994\/95, gi\u00e0 dall\u20191 settembre 1995, avviato presso il Convitto di Reggio Calabria. Peculiari del LCE del Convitto di Reggio sono:<\/p>\n<ul style=\"text-align: justify;\">\n<li>La Semiconvittualit\u00e0 che consente di ampliare il tempo scuola, riconducendo lo studio individuale all\u2019interno di una ricca e complessa relazionalit\u00e0 umana, che vede l\u2019allievo come centro d\u2019interesse di tutte le componenti della scuola: dirigente, docenti, educatori, amministrativi, tecnici e collaboratori scolastici.<\/li>\n<li>L\u2019Azione Didattica delle discipline articolate in due fasi: la \u201clezione\u201d ed il \u201claboratorio culturale\u201d, che introduce il metodo \u201cdell\u2019apprendere insieme facendo\u201d, per sviluppare competenze in situazione.<\/li>\n<li>La Conversazione in Lingua Straniera effettuata da docenti di madre lingua Inglese e Francese, potenziate, da quest\u2019a.s. 15\/16 dallo studio della Lingue Tedesco e Spagnolo e la veicolazione dell\u2019insegnamento della Geografia, della Storia, del Diritto e delle Scienze, in Francese e Inglese.<\/li>\n<li>Il conseguimento di un doppio diploma, ESABAC &#8211; Esame di Stato + Baccalaur\u00e9at.<\/li>\n<\/ul>\n<p style=\"text-align: justify;\">Il LCE \u00e8, quindi, la sintesi dei tre indirizzi liceali: classico, scientifico e linguistico e supera i limiti di ciascuno. Il risultato concreto che gli studenti raggiungono \u00e8 una base forte, aperta al nuovo, una capacit\u00e0 relazionale che li pone come interlocutori maturi e critici, una capacit\u00e0 di lavoro dovuta alle molte ore di convivenza con coetanei e adulti, il senso dell\u2019identit\u00e0 comune che fa del popolo europeo una comunit\u00e0. Il conseguimento del diploma di LCE, consente l\u2019accesso a tutte le facolt\u00e0 universitarie nazionali ed estere.<\/p>\n<p style=\"text-align: justify;\">L\u2019attivit\u00e0 del <strong><em>Semiconvitto<\/em><\/strong> prevede in cinque giorni settimanali, in orario pomeridiano, l\u2019affido agli educatori dei semiconvittori, che vengono guidati in attivit\u00e0 ricreative e culturali.<\/p>\n<p style=\"text-align: justify;\">Al termine delle lezioni,\u00a0 i semiconvittori sono affidati alla guida dell\u2019educatore, figura professionale dell\u2019area docente, peculiare di questa istituzione educativa, la quale, attraverso una serie di interventi, partecipa al processo di formazione degli allievi.<\/p>\n<p style=\"text-align: justify;\">L\u2019educatore, nell\u2019ambito della sua funzione, promuove processi di crescita umana civile e culturale nonch\u00e9 di socializzazione tra allievi semiconvittori, i quali sono assistiti e seguiti nella loro partecipazione ai vari momenti della vita comune in Convitto; tale attivit\u00e0 \u00e8 finalizzata, inoltre, all\u2019organizzazione dello studio e del tempo libero, delle iniziative culturali, ricreative e sportive, nonch\u00e9 alla definizione delle rispettive metodologie, anche per gli aspetti psicologici e di orientamento.<\/p>\n<p style=\"text-align: justify;\">Uno dei momenti pi\u00f9 formativi delle attivit\u00e0 svolte riguardano lo studio assistito e le varie attivit\u00e0 laboratoriali, promosse avvalendosi delle pi\u00f9 moderne metodologie di apprendimento. Tali attivit\u00e0 sono presenti in tutti gli ordini di scuola annessi al Convitto, grazie alla dotazione di attrezzature multimediali presenti nelle aule e nei laboratori.<\/p>\n","protected":false},"excerpt":{"rendered":"<p>Il Convitto di Reggio Calabria, struttura pubblica diretta dalla dr.ssa Francesca Arena, ospita in un unico edificio, di rilevante pregio architettonico, la Scuola Primaria, la Scuola Secondaria di I grado, il Liceo Classico d\u2019ordinamento e il Liceo Classico Europeo. La Scuola Primaria prevede una ricca offerta formativa con il potenziamento della lingua italiana, della matematica &hellip;<\/p>\n","protected":false},"author":1,"featured_media":0,"parent":0,"menu_order":0,"comment_status":"closed","ping_status":"closed","template":"","meta":{"footnotes":""},"class_list":["post-7163","page","type-page","status-publish","hentry"],"featured_image_src":null,"_links":{"self":[{"href":"https:\/\/www.convittocampanella.edu.it\/wbs\/wp-json\/wp\/v2\/pages\/7163","targetHints":{"allow":["GET"]}}],"collection":[{"href":"https:\/\/www.convittocampanella.edu.it\/wbs\/wp-json\/wp\/v2\/pages"}],"about":[{"href":"https:\/\/www.convittocampanella.edu.it\/wbs\/wp-json\/wp\/v2\/types\/page"}],"author":[{"embeddable":true,"href":"https:\/\/www.convittocampanella.edu.it\/wbs\/wp-json\/wp\/v2\/users\/1"}],"replies":[{"embeddable":true,"href":"https:\/\/www.convittocampanella.edu.it\/wbs\/wp-json\/wp\/v2\/comments?post=7163"}],"version-history":[{"count":1,"href":"https:\/\/www.convittocampanella.edu.it\/wbs\/wp-json\/wp\/v2\/pages\/7163\/revisions"}],"predecessor-version":[{"id":39737,"href":"https:\/\/www.convittocampanella.edu.it\/wbs\/wp-json\/wp\/v2\/pages\/7163\/revisions\/39737"}],"wp:attachment":[{"href":"https:\/\/www.convittocampanella.edu.it\/wbs\/wp-json\/wp\/v2\/media?parent=7163"}],"curies":[{"name":"wp","href":"https:\/\/api.w.org\/{rel}","templated":true}]}}